{"id":25,"date":"2015-07-13T22:18:50","date_gmt":"2015-07-13T22:18:50","guid":{"rendered":"http:\/\/www.tanzraum-ries.de\/?page_id=25"},"modified":"2018-10-25T10:13:15","modified_gmt":"2018-10-25T10:13:15","slug":"moderncontemporary-zeitgenoessisch","status":"publish","type":"page","link":"http:\/\/www.tanzraum-ries.de\/legacy\/tanzstile\/moderncontemporary-zeitgenoessisch\/","title":{"rendered":"Contemporary (modern \/ zeitgen\u00f6ssisch)"},"content":{"rendered":"<p><img fetchpriority=\"high\" decoding=\"async\" width=\"300\" height=\"200\" class=\"alignright wp-image-101 size-medium\" alt=\"\" src=\"http:\/\/www.tanzraum-ries.de\/wp-content\/uploads\/2015\/07\/tanzraum-company-0366_klein-300x200.jpg\" srcset=\"http:\/\/www.tanzraum-ries.de\/legacy\/wp-content\/uploads\/sites\/1\/2015\/07\/tanzraum-company-0366_klein-300x200.jpg 300w, http:\/\/www.tanzraum-ries.de\/legacy\/wp-content\/uploads\/sites\/1\/2015\/07\/tanzraum-company-0366_klein.jpg 1000w\" sizes=\"(max-width: 300px) 100vw, 300px\" \/><strong>Contemporary<\/strong> ist die Weiterentwicklung des Modern Dance.<\/p>\n<p>Die Technik und der Bewegungsstil des Contemporarydance sind einerseits gepr\u00e4gt von flie\u00dfenden, l\u00e4ssigen Bewegungen, andererseits werden verschiedene Schwerpunkte aus anderen Tanzstilen bzw. &#x2011;richtungen aus der aktuellen Tanzszene mit einbezogen.<\/p>\n<p>Durch gezielte Haltungstechniken wird die K\u00f6rperwahrnehmung geschult, auf r\u00e4umliche Wahrnehmung und Dynamik wird Bezug genommen, um Rhythmus und Ausdruck zu verfeinern. Bewusstes Halten und Loslassen wird einge\u00fcbt und mit der Schwerkraft durch Nutzung des K\u00f6rpergewichts und Bodenkontakt experimentiert. Die t\u00e4nzerischen und musikalischen Grundbegriffe werden durch unterschiedliche tanztechnische und improvisatorische Schwerpunkte vermittelt.<\/p>\n<p>Contemporary ist sinnlich, jung, manchmal wild, die neusten Str\u00f6mungen aus Musik und Tanz flie\u00dfen darin ein.<\/p>\n<p>Die&nbsp;<strong>Tanzimprovisation&nbsp;<\/strong>zeichnet sich durch die Lebendigkeit der spontanen, t\u00e4nzerischen Gestaltung aus dem Moment heraus aus. Dabei gibt es klare Tanzthemen als Rahmen.<br \/>\nWer&nbsp;neugierig und bereit&nbsp;ist, sich auf etwas Neues&nbsp;einzulassen, ist hier genau richtig.<\/p>\n","protected":false},"excerpt":{"rendered":"<p>Contemporary ist die Weiterentwicklung des Modern Dance. Die Technik und der Bewegungsstil des Contemporarydance sind einerseits gepr\u00e4gt von flie\u00dfenden, l\u00e4ssigen Bewegungen, andererseits werden verschiedene Schwerpunkte aus anderen Tanzstilen bzw. &#x2011;richtungen aus der aktuellen Tanzszene mit einbezogen. Durch gezielte Haltungstechniken wird<\/p>\n","protected":false},"author":1,"featured_media":0,"parent":96,"menu_order":0,"comment_status":"closed","ping_status":"closed","template":"","meta":{"_crdt_document":"","_uag_custom_page_level_css":"","ngg_post_thumbnail":0,"footnotes":""},"class_list":["post-25","page","type-page","status-publish","hentry"],"uagb_featured_image_src":{"full":false,"thumbnail":false,"medium":false,"medium_large":false,"large":false,"1536x1536":false,"2048x2048":false,"featured-blog-large":false,"featured-blog-medium":false,"featured":false,"featured-blog-medium-small":false},"uagb_author_info":{"display_name":"admin1","author_link":"http:\/\/www.tanzraum-ries.de\/legacy\/blog\/author\/admin1\/"},"uagb_comment_info":0,"uagb_excerpt":"Contemporary ist die Weiterentwicklung des Modern Dance. Die Technik und der Bewegungsstil des Contemporarydance sind einerseits gepr\u00e4gt von flie\u00dfenden, l\u00e4ssigen Bewegungen, andererseits werden verschiedene Schwerpunkte aus anderen Tanzstilen bzw. &#x2011;richtungen aus der aktuellen Tanzszene mit einbezogen. Durch gezielte Haltungstechniken wird","_links":{"self":[{"href":"http:\/\/www.tanzraum-ries.de\/legacy\/wp-json\/wp\/v2\/pages\/25","targetHints":{"allow":["GET"]}}],"collection":[{"href":"http:\/\/www.tanzraum-ries.de\/legacy\/wp-json\/wp\/v2\/pages"}],"about":[{"href":"http:\/\/www.tanzraum-ries.de\/legacy\/wp-json\/wp\/v2\/types\/page"}],"author":[{"embeddable":true,"href":"http:\/\/www.tanzraum-ries.de\/legacy\/wp-json\/wp\/v2\/users\/1"}],"replies":[{"embeddable":true,"href":"http:\/\/www.tanzraum-ries.de\/legacy\/wp-json\/wp\/v2\/comments?post=25"}],"version-history":[{"count":10,"href":"http:\/\/www.tanzraum-ries.de\/legacy\/wp-json\/wp\/v2\/pages\/25\/revisions"}],"predecessor-version":[{"id":757,"href":"http:\/\/www.tanzraum-ries.de\/legacy\/wp-json\/wp\/v2\/pages\/25\/revisions\/757"}],"up":[{"embeddable":true,"href":"http:\/\/www.tanzraum-ries.de\/legacy\/wp-json\/wp\/v2\/pages\/96"}],"wp:attachment":[{"href":"http:\/\/www.tanzraum-ries.de\/legacy\/wp-json\/wp\/v2\/media?parent=25"}],"curies":[{"name":"wp","href":"https:\/\/api.w.org\/{rel}","templated":true}]}}