{"id":96,"date":"2015-08-06T15:19:09","date_gmt":"2015-08-06T15:19:09","guid":{"rendered":"http:\/\/www.tanzraum-ries.de\/?page_id=96"},"modified":"2015-08-12T09:26:09","modified_gmt":"2015-08-12T09:26:09","slug":"tanzstile","status":"publish","type":"page","link":"http:\/\/www.tanzraum-ries.de\/legacy\/tanzstile\/","title":{"rendered":"Tanzstile"},"content":{"rendered":"<p>&nbsp;<\/p>\n<p>Der Mensch bewegt sich, ist mobil, agil und benutzt daf\u00fcr viele \u201eInstrumente\u201c. Den eigenen K\u00f6rper als \u201eBewegungsinstrument\u201c zu entdecken und zu schulen, ist das Anliegen des TANZ\u2502RAUM. Die F\u00f6rderung und Schulung des K\u00f6rpers vollzieht sich dabei mit den Tanzstilen, die auf den gro\u00dfen und kleinen B\u00fchnen mit ihren Auftritten und Shows zu finden sind. Deshalb nennt sich der TANZ\u2502RAUM \u201eSchule f\u00fcr k\u00fcnstlerischen Tanz\u201c. Wenn Sie, Ihr Kind oder Du an einem Tanzstil interessiert seid, laden wir herzlich zu einer Schnupperstunde in unsere R\u00e4ume ein.<\/p>\n<p><img fetchpriority=\"high\" decoding=\"async\" class=\"aligncenter size-full wp-image-157\" src=\"http:\/\/www.tanzraum-ries.de\/wp-content\/uploads\/2015\/08\/tanzstile.jpg\" alt=\"tanzstile\" width=\"484\" height=\"325\" srcset=\"http:\/\/www.tanzraum-ries.de\/legacy\/wp-content\/uploads\/sites\/1\/2015\/08\/tanzstile.jpg 484w, http:\/\/www.tanzraum-ries.de\/legacy\/wp-content\/uploads\/sites\/1\/2015\/08\/tanzstile-300x201.jpg 300w\" sizes=\"(max-width: 484px) 100vw, 484px\" \/><\/p>\n<p>&nbsp;<\/p>\n","protected":false},"excerpt":{"rendered":"<p>&nbsp; Der Mensch bewegt sich, ist mobil, agil und benutzt daf\u00fcr viele \u201eInstrumente\u201c. Den eigenen K\u00f6rper als \u201eBewegungsinstrument\u201c zu entdecken und zu schulen, ist das Anliegen des TANZ\u2502RAUM. Die F\u00f6rderung und Schulung des K\u00f6rpers vollzieht sich dabei mit den Tanzstilen,<\/p>\n","protected":false},"author":1,"featured_media":0,"parent":0,"menu_order":0,"comment_status":"closed","ping_status":"closed","template":"","meta":{"_crdt_document":"","_uag_custom_page_level_css":"","ngg_post_thumbnail":0,"footnotes":""},"class_list":["post-96","page","type-page","status-publish","hentry"],"uagb_featured_image_src":{"full":false,"thumbnail":false,"medium":false,"medium_large":false,"large":false,"1536x1536":false,"2048x2048":false,"featured-blog-large":false,"featured-blog-medium":false,"featured":false,"featured-blog-medium-small":false},"uagb_author_info":{"display_name":"admin1","author_link":"http:\/\/www.tanzraum-ries.de\/legacy\/blog\/author\/admin1\/"},"uagb_comment_info":0,"uagb_excerpt":"&nbsp; Der Mensch bewegt sich, ist mobil, agil und benutzt daf\u00fcr viele \u201eInstrumente\u201c. Den eigenen K\u00f6rper als \u201eBewegungsinstrument\u201c zu entdecken und zu schulen, ist das Anliegen des TANZ\u2502RAUM. Die F\u00f6rderung und Schulung des K\u00f6rpers vollzieht sich dabei mit den Tanzstilen,","_links":{"self":[{"href":"http:\/\/www.tanzraum-ries.de\/legacy\/wp-json\/wp\/v2\/pages\/96","targetHints":{"allow":["GET"]}}],"collection":[{"href":"http:\/\/www.tanzraum-ries.de\/legacy\/wp-json\/wp\/v2\/pages"}],"about":[{"href":"http:\/\/www.tanzraum-ries.de\/legacy\/wp-json\/wp\/v2\/types\/page"}],"author":[{"embeddable":true,"href":"http:\/\/www.tanzraum-ries.de\/legacy\/wp-json\/wp\/v2\/users\/1"}],"replies":[{"embeddable":true,"href":"http:\/\/www.tanzraum-ries.de\/legacy\/wp-json\/wp\/v2\/comments?post=96"}],"version-history":[{"count":4,"href":"http:\/\/www.tanzraum-ries.de\/legacy\/wp-json\/wp\/v2\/pages\/96\/revisions"}],"predecessor-version":[{"id":158,"href":"http:\/\/www.tanzraum-ries.de\/legacy\/wp-json\/wp\/v2\/pages\/96\/revisions\/158"}],"wp:attachment":[{"href":"http:\/\/www.tanzraum-ries.de\/legacy\/wp-json\/wp\/v2\/media?parent=96"}],"curies":[{"name":"wp","href":"https:\/\/api.w.org\/{rel}","templated":true}]}}