{"id":137,"date":"2015-08-12T08:56:41","date_gmt":"2015-08-12T08:56:41","guid":{"rendered":"http:\/\/www.tanzraum-ries.de\/?page_id=137"},"modified":"2018-09-06T12:37:20","modified_gmt":"2018-09-06T12:37:20","slug":"kinder","status":"publish","type":"page","link":"https:\/\/www.tanzraum-ries.de\/legacy\/kursangebote-preise\/kinder\/","title":{"rendered":"Kinder"},"content":{"rendered":"<p>Spielerisch Tanzen lernen!<img fetchpriority=\"high\" decoding=\"async\" width=\"300\" height=\"225\" class=\"alignright size-medium wp-image-138\" alt=\"\" src=\"http:\/\/www.tanzraum-ries.de\/wp-content\/uploads\/2015\/08\/07-Andere-300x225.jpg\" srcset=\"https:\/\/www.tanzraum-ries.de\/legacy\/wp-content\/uploads\/sites\/1\/2015\/08\/07-Andere-300x225.jpg 300w, https:\/\/www.tanzraum-ries.de\/legacy\/wp-content\/uploads\/sites\/1\/2015\/08\/07-Andere-1024x768.jpg 1024w, https:\/\/www.tanzraum-ries.de\/legacy\/wp-content\/uploads\/sites\/1\/2015\/08\/07-Andere.jpg 1680w\" sizes=\"(max-width: 300px) 100vw, 300px\" \/><br \/>\nTanzen ist ein optimales Werkzeug, die ungehinderte Entwicklung der kindlichen Seele, des Geistes und K\u00f6rpers zu f\u00f6rdern.<br \/>\nWir kn\u00fcpfen bei der Kreativit\u00e4t und Bewegungsfreude der Kinder an. Mit Elementen, die dem jeweiligen Alter entsprechen, ermutigen wir sie, selbstt\u00e4tig und selbstst\u00e4ndig ins Tanzen zu kommen.<br \/>\nDer Unterricht ist f\u00fcr Jungen und M\u00e4dchen gleicherma\u00dfen geeignet.<br \/>\nWir unterrichten T\u00e4nzerische Fr\u00fcherziehung (ab 4 Jahre), Ballett (ab 6 Jahre), Kreativen Kindertanz\/Modern (ab 6 Jahre), Modern\/Contemporary\/Jazz (ab 9 Jahre), Hip Hop\/Streetdance (ab 10 Jahre), Contemporary\/Improvisation<\/p>\n","protected":false},"excerpt":{"rendered":"<p>Spielerisch Tanzen lernen! Tanzen ist ein optimales Werkzeug, die ungehinderte Entwicklung der kindlichen Seele, des Geistes und K\u00f6rpers zu f\u00f6rdern. Wir kn\u00fcpfen bei der Kreativit\u00e4t und Bewegungsfreude der Kinder an. Mit Elementen, die dem jeweiligen Alter entsprechen, ermutigen wir sie,<\/p>\n","protected":false},"author":1,"featured_media":0,"parent":42,"menu_order":0,"comment_status":"closed","ping_status":"closed","template":"","meta":{"_crdt_document":"","_uag_custom_page_level_css":"","ngg_post_thumbnail":0,"footnotes":""},"class_list":["post-137","page","type-page","status-publish","hentry"],"uagb_featured_image_src":{"full":false,"thumbnail":false,"medium":false,"medium_large":false,"large":false,"1536x1536":false,"2048x2048":false,"featured-blog-large":false,"featured-blog-medium":false,"featured":false,"featured-blog-medium-small":false},"uagb_author_info":{"display_name":"admin1","author_link":"https:\/\/www.tanzraum-ries.de\/legacy\/blog\/author\/admin1\/"},"uagb_comment_info":0,"uagb_excerpt":"Spielerisch Tanzen lernen! Tanzen ist ein optimales Werkzeug, die ungehinderte Entwicklung der kindlichen Seele, des Geistes und K\u00f6rpers zu f\u00f6rdern. Wir kn\u00fcpfen bei der Kreativit\u00e4t und Bewegungsfreude der Kinder an. Mit Elementen, die dem jeweiligen Alter entsprechen, ermutigen wir sie,","_links":{"self":[{"href":"https:\/\/www.tanzraum-ries.de\/legacy\/wp-json\/wp\/v2\/pages\/137","targetHints":{"allow":["GET"]}}],"collection":[{"href":"https:\/\/www.tanzraum-ries.de\/legacy\/wp-json\/wp\/v2\/pages"}],"about":[{"href":"https:\/\/www.tanzraum-ries.de\/legacy\/wp-json\/wp\/v2\/types\/page"}],"author":[{"embeddable":true,"href":"https:\/\/www.tanzraum-ries.de\/legacy\/wp-json\/wp\/v2\/users\/1"}],"replies":[{"embeddable":true,"href":"https:\/\/www.tanzraum-ries.de\/legacy\/wp-json\/wp\/v2\/comments?post=137"}],"version-history":[{"count":3,"href":"https:\/\/www.tanzraum-ries.de\/legacy\/wp-json\/wp\/v2\/pages\/137\/revisions"}],"predecessor-version":[{"id":710,"href":"https:\/\/www.tanzraum-ries.de\/legacy\/wp-json\/wp\/v2\/pages\/137\/revisions\/710"}],"up":[{"embeddable":true,"href":"https:\/\/www.tanzraum-ries.de\/legacy\/wp-json\/wp\/v2\/pages\/42"}],"wp:attachment":[{"href":"https:\/\/www.tanzraum-ries.de\/legacy\/wp-json\/wp\/v2\/media?parent=137"}],"curies":[{"name":"wp","href":"https:\/\/api.w.org\/{rel}","templated":true}]}}